-2*i - 3*a + 13, -4*i + a + 31 = 2*a. Suppose -28 = 9*u + i. What are the prime factors of x(u)?
3, 13
Let q be (-3)/4 - (-54)/8. Suppose 5*n - 12 = -s, -q - 3 = -s - 2*n. What are the prime factors of (s - 4) + -1 + 203?
5, 41
Suppose -16*t - 19 = -19*t + 4*f, -14 = -2*t + 4*f. Suppose -t*d + 462 = 2*n - 543, -5*n - d = -2570. What are the prime factors of n?
5, 103
Let i(v) = 31*v - 6*v**2 - 62*v + 25*v + 0*v - 2 - 5*v**3. Let d be (1 + 0 + 1)*-2. List the prime factors of i(d).
2, 3, 41
What are the prime factors of ((-541152)/192)/((-4)/8)?
3, 1879
Let u = 9893 + -5339. List the prime factors of u.
2, 3, 11, 23
Suppose -41*j = -13*j - 200648. What are the prime factors of j?
2, 3583
Let i = -45124 - -70615. List the prime factors of i.
3, 29, 293
Suppose 25*m + 9519 = 13233 + 10461. List the prime factors of m.
3, 7
Let y = -140 + 189. Let h be (-1)/(-3) + 244/(-12). List the prime factors of 2 + y + h/(-4) + -4.
2, 13
Let t(k) = k**3 + 10*k**2 + 9*k - 5. Let z be t(-9). Let o(x) = -32*x + 10. What are the prime factors of o(z)?
2, 5, 17
Let y be 114*4/(-8) - (0 - -4). Let t = -55 - y. Let a = t - -167. What are the prime factors of a?
173
Let q = -46 - -52. Let o be (q/4)/(-3 + 3069/1020). Let x = o - -22. List the prime factors of x.
2, 3
Let l = -139 - -266. Suppose -3*t = -g + l, 0 = -3*t + 6*t. Suppose 7*f + 15 - g = 0. List the prime factors of f.
2
Let p = 89 - 56. Suppose 5*y - p = 102. Suppose -h - y = -s, -5*h + 65 = 2*s + s. List the prime factors of s.
5
What are the prime factors of (-1722)/492*(-39244)/7?
2, 9811
What are the prime factors of 660/(-55) - (-8562 + -1)?
17, 503
Let d be (-2 - 8/(-6))/(1/(-51)). Let t = -30 + d. List the prime factors of (406/t + -1)*(-6)/(-9).
67
Let l = 15133 + -8281. What are the prime factors of l?
2, 3, 571
Suppose -4 = 4*b + 4. Let i(s) = s**3 - 9*s + 7. Let a(f) = f**3 - 4*f + 3. Let k(p) = b*i(p) + 5*a(p). What are the prime factors of k(1)?
2
List the prime factors of 7674 + (312/(-208))/(3/14).
11, 17, 41
Suppose -30*d + 9*d = 3*d. Let n(m) = -2*m + 41. Let j(c) = -11*c + 246. Let i(q) = 6*j(q) - 34*n(q). List the prime factors of i(d).
2, 41
Suppose 5*b + 9507 = r, 23621 = 2*r - 2*b + 4607. What are the prime factors of r?
3, 3169
List the prime factors of (-2127)/(-9) + (-17)/51.
2, 59
Let y = 2192 + -2180. Let m(f) = 3*f - f + 5 + 3. What are the prime factors of m(y)?
2
Suppose -26*y = -856 - 28. Let r(t) = t**3 - t + 85. Let h be r(0). What are the prime factors of y/h + 946/10?
5, 19
List the prime factors of 320/(-200) - 204144/(-15).
2, 3, 7
Let a = -3561 - -11849. List the prime factors of a.
2, 7, 37
Let s(w) = -987*w + 2753. What are the prime factors of s(-21)?
2, 5, 587
Let l be 600/(-27) - (24/(-27))/4. Let m = l + 27. Suppose 0*q = -m*q + 320. What are the prime factors of q?
2
Let f(s) = 449*s + 4942. Let m be f(-11). Let c be (-2)/(-5) + (-107)/5. List the prime factors of c/6 + m + 271/2.
3, 5
Suppose 0 = -2*f + 3 + 1. Suppose 10*q - 16 = f*q. Suppose b = -q*t - 2 + 64, 0 = 2*b - 4. What are the prime factors of t?
2, 3, 5
Let i = -95 + 100. Suppose -i*u - 353 = -6*u. List the prime factors of u.
353
Let r = 15351 + 152. What are the prime factors of r?
37, 419
Suppose 989 - 93 = 8*r. Suppose -4*f = -x - 501, 3*f - 260 = 2*x + r. What are the prime factors of f?
2, 3, 7
Suppose -4*c + 5226 = -2*v, 29*c - 5256 = 25*c - 4*v. List the prime factors of c.
7, 11, 17
Suppose -22*y + 267973 = -422734 - 55907. What are the prime factors of y?
33937
Suppose 352 + 3 = 5*i + 2*r, 0 = 5*i + 3*r - 355. Suppose o + 490 = -i. What are the prime factors of 1/(2802/o + 2 + 3)?
11, 17
Let j be 1443/(-74)*((-4)/3)/(-1). Let m = j + 172. List the prime factors of m.
2, 73
Let v(p) = -6284*p - 3455. List the prime factors of v(-4).
3, 11, 73
Let p(l) = -l**3 + 7*l**2 + 30*l + 15. Suppose c - 10 = -0*c. What are the prime factors of p(c)?
3, 5
Let p(q) = 7 - 5 - 5 - 10*q - 6*q. Let z be p(5). What are the prime factors of 2 - (z + 4/(-2)) - 3?
2, 3, 7
Suppose 3*h + 1310 = 5*h. Let l = h + -344. List the prime factors of l.
311
Suppose -8*r = 2*f - 5*r - 69344, 0 = 9*f - 2*r - 312110. What are the prime factors of f?
2, 7, 2477
Let n(k) = 514*k**3 - 4*k**2 + 5*k - 1. Suppose -w + 4*g + 1 = -12, 0 = w + 4*g + 11. List the prime factors of n(w).
2, 257
Let f(a) = 0*a**2 - 2*a**2 - 5*a**2 + 20*a + 6*a**2 + 49. Let j be f(21). Suppose -4*z + 360 = 4*h - j, -h - 4*z = -103. List the prime factors of h.
5, 19
Let m = 537 - 194. List the prime factors of -88*(2 + m/(-28)).
2, 11, 41
Let x(n) = -378*n - 1. Let u be x(-1). Let h = -162 + u. What are the prime factors of h?
5, 43
Suppose 5*p - 938 = u, -20 = 2*p - 4*u - 388. Let b = p + 218. List the prime factors of b.
2, 7, 29
Let f(h) be the first derivative of 3*h**3 + 8*h**2 - 2*h - 118. What are the prime factors of f(7)?
19, 29
Let v(p) = 362 - 728 + 366 + 69*p. List the prime factors of v(4).
2, 3, 23
Suppose -5 = t - 3*l, -l - 42 = 3*t + 13. Let o = 262 - t. What are the prime factors of o?
3, 31
Let m(v) = v**3 + 2*v + 32. Let t be 1/((50/(-18) + 3)/(-2)). Let x = t - -9. List the prime factors of m(x).
2
Let h be (-20)/(-30)*(-18)/(-4) - -1. Suppose 0 = 3*x - 21 + 6. Suppose x*i - 3*i = h. List the prime factors of i.
2
Suppose -3*c = -3*b - 16013 - 9613, 34192 = 4*c + 4*b. What are the prime factors of c?
5, 1709
Suppose 5*z + 1905 = 2*p, -p + 0*z = 5*z - 960. Let h = -510 + p. List the prime factors of h.
5, 89
Let l(n) = -n**3 + 3*n**2 + n + 10. Let i be l(-10). Suppose 3*s = -3*m - 285 + 1071, 5*s - i = -3*m. What are the prime factors of s?
257
Let z be (-7 - (-5 + -1)) + -4. Let g = z - -130. What are the prime factors of g?
5
Suppose -5*t = -166 + 201. What are the prime factors of t - (-6 + 12 + -114)?
101
Suppose 2*u + 2*u + 36 = 0. Let x be (-29)/u - (-2)/(-9) - -290. Suppose 121 = 6*b - x. List the prime factors of b.
3, 23
Let v be (-18)/12*628/(-6). Let l = -134 + v. What are the prime factors of l?
23
What are the prime factors of (-1699 - -7)*((-880)/15)/8 + 0?
2, 3, 11, 47
Suppose -8*y - 73664 = -106296. List the prime factors of y.
4079
Suppose -2*r = -3*r - 5, 4*f - 3*r - 31 = 0. Let d be ((-3)/f)/(14/(-56)). Suppose 0 = v + d*i - 100, 0*v + 335 = 4*v - i. What are the prime factors of v?
5, 17
Let y = 10621 - 4885. List the prime factors of y.
2, 3, 239
Let q(z) = -9*z**2 + 22*z - 2. Let d(j) = -5*j**2 + 11*j - 1. Let v(u) = 7*d(u) - 4*q(u). Let a be v(5). Let x = a + 197. List the prime factors of x.
2, 3, 7
Let u = 19036 - 5401. What are the prime factors of u?
3, 5, 101
Suppose -19*a + 40 - 2 = 0. Suppose -3*l + 5184 = 3*j + 786, 5*j - a*l = 7358. List the prime factors of j.
2, 3, 5, 7
Suppose 4*s + 4 = 4*t + s, -5*t = -4*s - 4. Suppose t = g, 3318 = 4*a + 5*g + 162. Suppose -5*x + 2*u = -a, -3*x + 2*u = -38 - 430. List the prime factors of x.
2, 79
Let a(t) = 2*t**2 + 34*t + 172. Let g be a(-26). Suppose -g = -2*n + 1018. What are the prime factors of n?
829
Suppose 5*b + 12*b - 4573 = 0. Suppose -z - a = 2*z - b, 2*z = -3*a + 170. What are the prime factors of z?
7, 13
Suppose -357 = -22*h + 3933. What are the prime factors of h?
3, 5, 13
Let j(g) = 2*g**3 + 29*g**2 - 20*g - 43. List the prime factors of j(21).
2, 241
Let a(b) = b**3 - 7*b**2 - 7*b + 2. Let i be a(8). Let o be -10*((-5)/i + -3). Let g = o + -25. What are the prime factors of g?
2, 5
List the prime factors of 2/(-5) - (-127254164)/3860.
3, 11, 37
What are the prime factors of (-18)/(-120)*-4 + ((-8011120)/25)/(-13)?
157
Let m be (-2)/(-6) - 52/39. Let p be ((m + 2)/6)/(42/252). Let f(i) = 37*i**2 + 2*i - 1. What are the prime factors of f(p)?
2, 19
List the prime factors of 1802 + -8 + 56/(-14).
2, 5, 179
Let h(z) = 6*z**3 - z**2 - 1. Let n(j) = 17*j**3 - 29*j**2 - 45*j - 44. Let l(g) = -3*h(g) + n(g). What are the prime factors of l(-26)?
1129
Suppose 2*r + 3*p - 15 = -r, 2*r - 3*p = 20. Suppose r*s - s = -216. List the prime factors of ((-62)/(-4))/((-6)/s).
3, 31
Let s(k) = -3270*k - 1394. List the prime factors of s(-5).
2, 3739
List the prime factors of (1860/775)/(4/885).
3, 59
Let o be 1 - (-12)/(2 + 0). Suppose -921 = -o*u + 1305. List the prime factors of u.
2, 3, 53
Let v(f) = 7*f + 106. Let j be v(-12). Suppose -j*w + 9326 = -26094. 